{"id":55,"date":"2011-10-14T09:37:02","date_gmt":"2011-10-14T09:37:02","guid":{"rendered":"http:\/\/www.kobkon.cz\/?page_id=55"},"modified":"2016-05-09T15:02:38","modified_gmt":"2016-05-09T13:02:38","slug":"partneri","status":"publish","type":"page","link":"https:\/\/www.kobkon.cz\/?page_id=55","title":{"rendered":"Partne\u0159i"},"content":{"rendered":"<p style=\"text-align: left;\"><a href=\"http:\/\/www.konice.cz\"><img loading=\"lazy\" decoding=\"async\" class=\" size-full wp-image-327 alignnone aligncenter\" title=\"Konice\" src=\"http:\/\/www.kobkon.cz\/wp-content\/uploads\/2011\/10\/erb_konice.jpg\" alt=\"\" width=\"111\" height=\"63\" \/><\/a><\/p>\n<p style=\"text-align: left;\"><a href=\"http:\/\/www.kr-olomoucky.cz\"><img loading=\"lazy\" decoding=\"async\" class=\" size-medium wp-image-329 alignnone aligncenter\" title=\"Olomouck\u00e9h\u00fd kraj\" src=\"http:\/\/www.kobkon.cz\/wp-content\/uploads\/2011\/10\/Logo-Olomouck\u00e9ho-kraje-sv\u011btl\u00e9-300x130.gif\" alt=\"\" width=\"210\" height=\"91\" srcset=\"https:\/\/www.kobkon.cz\/wp-content\/uploads\/2011\/10\/Logo-Olomouck\u00e9ho-kraje-sv\u011btl\u00e9-300x130.gif 300w, https:\/\/www.kobkon.cz\/wp-content\/uploads\/2011\/10\/Logo-Olomouck\u00e9ho-kraje-sv\u011btl\u00e9.gif 800w\" sizes=\"(max-width: 210px) 100vw, 210px\" \/><\/a><\/p>\n<p style=\"text-align: left;\"><a href=\"http:\/\/www.iresta.cz\"><img loading=\"lazy\" decoding=\"async\" class=\" size-medium wp-image-328 alignnone aligncenter\" title=\"resta\" src=\"http:\/\/www.kobkon.cz\/wp-content\/uploads\/2011\/10\/resta-logo8-300x73.jpg\" alt=\"\" width=\"144\" height=\"35\" srcset=\"https:\/\/www.kobkon.cz\/wp-content\/uploads\/2011\/10\/resta-logo8-300x73.jpg 300w, https:\/\/www.kobkon.cz\/wp-content\/uploads\/2011\/10\/resta-logo8-1024x251.jpg 1024w, https:\/\/www.kobkon.cz\/wp-content\/uploads\/2011\/10\/resta-logo8.jpg 1416w\" sizes=\"(max-width: 144px) 100vw, 144px\" \/><\/a><\/p>\n<p style=\"text-align: center;\"><span style=\"color: #000000;\"><a style=\"color: #000000;\" href=\"http:\/\/www.otrubova-audit.cz\/\" target=\"_blank\"><strong>Johana Otrubov\u00e1 &#8211; auditorsk\u00e1 kancel\u00e1\u0159<\/strong><\/a><\/span><\/p>\n","protected":false},"excerpt":{"rendered":"<p>Johana Otrubov\u00e1 &#8211; auditorsk\u00e1 kancel\u00e1\u0159<\/p>\n","protected":false},"author":1,"featured_media":0,"parent":0,"menu_order":90,"comment_status":"closed","ping_status":"closed","template":"","meta":{"footnotes":""},"_links":{"self":[{"href":"https:\/\/www.kobkon.cz\/index.php?rest_route=\/wp\/v2\/pages\/55"}],"collection":[{"href":"https:\/\/www.kobkon.cz\/index.php?rest_route=\/wp\/v2\/pages"}],"about":[{"href":"https:\/\/www.kobkon.cz\/index.php?rest_route=\/wp\/v2\/types\/page"}],"author":[{"embeddable":true,"href":"https:\/\/www.kobkon.cz\/index.php?rest_route=\/wp\/v2\/users\/1"}],"replies":[{"embeddable":true,"href":"https:\/\/www.kobkon.cz\/index.php?rest_route=%2Fwp%2Fv2%2Fcomments&post=55"}],"version-history":[{"count":48,"href":"https:\/\/www.kobkon.cz\/index.php?rest_route=\/wp\/v2\/pages\/55\/revisions"}],"predecessor-version":[{"id":896,"href":"https:\/\/www.kobkon.cz\/index.php?rest_route=\/wp\/v2\/pages\/55\/revisions\/896"}],"wp:attachment":[{"href":"https:\/\/www.kobkon.cz\/index.php?rest_route=%2Fwp%2Fv2%2Fmedia&parent=55"}],"curies":[{"name":"wp","href":"https:\/\/api.w.org\/{rel}","templated":true}]}}